et n(d) = -4*d**3 + 26*d**2 + 59*d - 491. Calculate n(9).
-770
Let n(f) = 8*f**2 + 2336*f + 35062. Calculate n(-15).
1822
Let s(c) = -1390*c + 66608. Give s(48).
-112
Let k(x) = -x**3 - 145*x**2 - 690*x + 359. What is k(-140)?
-1041
Let d(z) = -1150*z + 242435. What is d(211)?
-215
Let a(t) = 127*t + 100. Give a(3).
481
Let i(g) = -2*g**3 - 101*g**2 + 624*g - 6. Give i(-56).
-454
Let t(r) = -5*r**3 - 100*r**2 - 55*r + 809. What is t(-19)?
49
Let q(j) = -j**3 + 63*j**2 - 91*j - 84. What is q(2)?
-22
Let g(w) = w**2 - 404*w + 5133. Calculate g(13).
50
Let z(b) = 2232709*b - 13396209. Calculate z(6).
45
Let f(h) = 10*h**3 - 109*h**2 + 278*h - 944. Determine f(9).
19
Let g(v) = v**3 - 17*v**2 + 2723*v - 43367. Calculate g(16).
-55
Let a(q) = -47*q**3 + 112*q**2 + 135*q + 21. What is a(-1)?
45
Let l(v) = 17*v**3 - 63*v**2 + 5*v - 107. Give l(4).
-7
Let c(k) = 59421*k + 178223. Calculate c(-3).
-40
Let w(h) = 6004*h - 72113. Calculate w(12).
-65
Let z(l) = 330*l**2 + 3634*l + 59. What is z(-11)?
15
Let r(p) = -3*p**3 - 221*p**2 - 184*p + 12626. Give r(-72).
-46
Let o(v) = 2*v**2 + 228*v - 92951. Determine o(166).
9
Let m(l) = 55*l**2 - 3287*l - 11227. Determine m(63).
-13
Let c(t) = -t**2 + 2316*t - 942805. What is c(527)?
-2
Let x(m) = -m**3 - 4*m**2 + 852*m - 7435. What is x(20)?
5
Let f(m) = -15*m**2 - 748*m - 7942. Determine f(-11).
-1529
Let d(n) = n**2 - 44323*n + 310214. Determine d(7).
2
Let q(v) = -v**3 + 160*v**2 - 643*v + 2829. What is q(156)?
-135
Let k(t) = 2*t**3 - 3709*t**2 - 29793*t + 60. Give k(-8).
4
Let t(a) = -3288831*a - 13155351. Calculate t(-4).
-27
Let i(l) = 2646*l - 42340. Give i(16).
-4
Let y(n) = -32276*n + 96842. Calculate y(3).
14
Let l(y) = -y**3 - 66*y**2 + 325*y + 142. Give l(5).
-8
Let h(z) = -491*z + 21609. Give h(45).
-486
Let x(a) = 46655*a + 1539622. Determine x(-33).
7
Let m(s) = -4*s**3 + s**2 + 2410*s - 7181. Determine m(3).
-50
Let n(m) = -3*m**3 + 189*m**2 + 97*m + 6096. Give n(64).
16
Let i(g) = -g**2 + 70*g - 869. Determine i(45).
256
Let p(s) = -s**3 + 42*s**2 + 63*s + 8069. Calculate p(47).
-15
Let g(t) = -3*t**2 + 4775*t + 450469. Determine g(1681).
-39
Let l(j) = -129*j + 14314. What is l(148)?
-4778
Let z(l) = -27876*l - 1254419. Give z(-45).
1
Let o(l) = -5*l**3 - 651*l**2 - 145*l - 2231. What is o(-130)?
-281
Let h(f) = -2*f**3 - 201*f**2 - 3162*f - 227. Give h(-81).
16
Let u(l) = -5*l**2 - 433*l + 8213. Calculate u(16).
5
Let i(g) = -355*g**3 + 11*g**2 + 3*g. Give i(-1).
363
Let v(i) = -9*i**2 - 2208*i - 32827. Give v(-15).
-1732
Let c(p) = p**2 + 86*p - 6200. Give c(-133).
51
Let n(m) = -2*m**3 + 298*m**2 - 887*m + 1599. Calculate n(146).
-7
Let h(i) = i**3 - i**2 + 3731*i + 14953. Give h(-4).
-51
Let s(h) = 116913*h + 26890006. Calculate s(-230).
16
Let p(g) = -68*g + 4499. What is p(43)?
1575
Let r(w) = -5344*w - 58770. Calculate r(-11).
14
Let t(n) = -520781*n + 21352017. Give t(41).
-4
Let u(l) = 3478*l + 6442. What is u(-2)?
-514
Let f(c) = 2207*c + 286. Calculate f(0).
286
Let z(g) = -2*g**3 + 302*g**2 + 301*g + 430. Determine z(152).
-26
Let r(h) = 120*h + 2579. What is r(-17)?
539
Let y(p) = -p**3 - 247*p**2 - 9822*p + 5522. Calculate y(-197).
6
Let l(c) = 2*c**3 - 3*c**2 + 15*c + 29. Calculate l(-5).
-371
Let q(a) = a**2 + 74*a - 16940. Calculate q(-172).
-84
Let s(a) = 235969*a + 5899237. What is s(-25)?
12
Let a(g) = 2*g**2 - 6019*g + 95. Give a(0).
95
Let w(x) = 7*x**2 - 3570*x - 32737. Calculate w(-9).
-40
Let x(t) = 2*t**2 - 284*t + 9724. What is x(86)?
92
Let b(y) = y**3 - 188*y**2 - 5566*y + 163. Calculate b(214).
-265
Let k(x) = 3*x**2 + 178*x + 1321. Give k(-7).
222
Let v(h) = 450*h + 2319. Calculate v(2).
3219
Let j(n) = -2*n**2 + 616*n + 18081. Determine j(-27).
-9
Let u(q) = -q**3 - 24*q**2 + 5*q - 653. Calculate u(-24).
-773
Let u(v) = -16*v**3 + 997*v**2 - 321*v + 762. Give u(62).
80
Let j(b) = 8*b**2 - 3387*b + 134435. What is j(379)?
-110
Let h(f) = 1029*f - 306612. Give h(298).
30
Let m(x) = -4*x**3 - 29*x**2 - 37162*x - 222789. Calculate m(-6).
3
Let a(g) = -479789*g - 479795. Give a(-1).
-6
Let k(p) = 34683*p - 2115665. Calculate k(61).
-2
Let s(y) = 2*y**3 + 5*y**2 - 34*y + 26. What is s(-6)?
-22
Let t(h) = -h**3 - 27*h**2 - 182*h - 3276. What is t(-25)?
24
Let a(y) = 46594*y + 1817175. Determine a(-39).
9
Let w(x) = x**3 - 40*x**2 - 5836*x + 280. Give w(-59).
-15
Let t(f) = -3876*f - 496099. Determine t(-128).
29
Let u(b) = 7462*b - 104507. Give u(14).
-39
Let p(d) = -3211*d + 3390832. Determine p(1056).
16
Let m(h) = h**3 - 62*h**2 - 2300*h + 1077. Determine m(88).
21
Let n(t) = 266*t + 60963. Determine n(-229).
49
Let x(d) = -6*d**3 + 49*d**2 + 13*d - 117. Calculate x(9).
-405
Let d(j) = 3757*j - 37174. Give d(9).
-3361
Let y(d) = 7*d**3 - 3062*d**2 + 1304*d + 2994. Calculate y(437).
-65
Let t(w) = 4374*w - 3706. Calculate t(1).
668
Let s(z) = -z**2 - 428*z + 9837. Determine s(22).
-63
Let s(k) = -4*k**3 - 8*k**2 - 78*k + 571. Determine s(8).
-2613
Let b(i) = 9*i**3 - 3175*i**2 - 677*i - 10206. Determine b(353).
31
Let s(m) = 9*m**2 + 92*m + 372. Give s(-7).
169
Let j(h) = -283*h + 19018. Calculate j(67).
57
Let h(v) = -99*v**2 + 1008*v + 884. Calculate h(11).
-7
Let l(x) = 1490*x**2 + 1529*x + 44. Determine l(-1).
5
Let p(o) = -2*o**3 - 137*o**2 - 2204*o - 396. Give p(-43).
77
Let u(z) = 28*z**2 - 579*z - 24903. Calculate u(42).
171
Let b(s) = 14*s**2 - 3133*s - 9543. What is b(-3)?
-18
Let s(a) = 1263*a - 10520. Calculate s(8).
-416
Let d(r) = -11*r**3 - 4*r**2 + 212*r + 1240. Give d(-5).
1455
Let i(d) = -d**2 - 180*d - 1648. Give i(-164).
976
Let z(b) = -b**3 - 263*b - 1419. Give z(-5).
21
Let b(r) = -r**2 + 56*r - 404. Give b(9).
19
Let m(t) = 5*t**2 - 329*t - 5034. What is m(-13)?
88
Let h(u) = -59*u**2 + 2814*u - 9601. Determine h(44).
-9
Let s(m) = 5*m**2 - 414*m - 1841. Determine s(86).
-465
Let v(g) = -6909*g + 158951. What is v(23)?
44
Let z(s) = -30*s**2 + 324*s - 108. What is z(10)?
132
Let m(c) = 45*c**2 + 7198*c - 387. Calculate m(-160).
-67
Let a(q) = -q**2 + 84*q - 941. What is a(55)?
654
Let q(a) = -10*a**2 + 3676*a + 263417. Calculate q(429).
11
Let c(g) = 16581*g - 8870844. Give c(535).
-9
Let g(m) = -m**2 - 128775*m - 1802642. Determine g(-14).
12
Let s(d) = 70*d**3 - 3732*d**2 - 6474*d - 885. Give s(55).
-5
Let l(b) = -431*b - 10296. Give l(-23).
-383
Let b(q) = -325*q**3 - 329223*q**2 + 2050*q + 24306. What is b(-1013)?
-6
Let b(j) = -6*j**3 - 246*j**2 - 503*j - 41. Give b(-2).
29
Let z(o) = -1344815*o - 8068874. Determine z(-6).
16
Let y(z) = 50635*z - 1316516. Determine y(26).
-6
Let k(b) = -b**3 + 18*b**2 - 136*b + 258. Give k(14).
-862
Let j(y) = -198737*y - 11328004. What is j(-57)?
5
Let k(d) = 21*d**2 - 4726*d + 57981. Determine k(13).
92
Let p(n) = 55761*n + 1840121. Calculate p(-33).
8
Let s(y) = 3*y**2 + 729*y + 37734. What is s(-75)?
-66
Let a(r) = -r**2 + 70001*r + 560070. Calculate a(-8).
-2
Let a(b) = 4875*b + 19446. Calculate a(-4).
-54
Let f(t) = 312*t**2 - 8*t - 653. Give f(0).
-653
Let g(q) = 5*q**3 - 56*q**2 + 46*q - 1117. Determine g(12).
11
Let p(x) = 73986*x - 147976. What is p(2)?
-4
Let h(q) = -1266*q + 19116. What is h(15)?
126
Let i(h) = 2*h**3 - 497*h**2 - 5363*h - 19694. What is i(259)?
-10
Let l(s) = -67*s + 310. What is l(-12)?
1114
Let d(h) = 41*h**3 + 248*h**2 + 69*h + 347. What is d(-6)?
5
Let r(i) = i**2 + 251*i + 6348. Determine r(-29).
-90
Let d(j) = -j**2 + 438*j - 11498. What is d(30)?
742
Let c(a) = -31451*a - 125815. What is c(-4)?
-11
Let w(p) = -p**3 + 6*p**2 + 119*p + 123. Calculate w(13).
487
Let i(d) = -21*d**2 - 354*d - 206. Determine i(-18).
-638
Let s(h) = -3*h**3 - 44*h**2 + 337*h + 3702. What is s(-17)?
-4
Let j(u) = u**2 - 12992*u + 64936. What is j(5)?
1
Let w(t) = 785*t - 288060. Calculate w(367).
35
Let s(c) = -c**3 + 43*c**2 - 202*c - 749. Calculate s(37).
-9
Let o(h) = -3*h**2 + 90*h + 14460. Determine o(-56).
12
Let v(d) = 719*d - 67454. Calculate v(100).
4446
Let g(n) = 694*n - 88834. What is g(128)?
-2
Let h(c) = -16*c**2 - 7134*c - 28276. Determine h(-4).
4
Let q(s) = -4*s**3 + 20*s**2 + 382*s - 2020. What is q(5)?
-110
Let k(q) = -9*q**2 + 5459*q - 32784. What is k(6)?
-354
Let b(o) = -866*o - 33511. What is b(-43)?
3727
Let w(a) = a**3 + 6*a**2 + 592*a + 3500. Calculate w(-6).
